est common factor of o and b.
30
Let a = 166 - 415. Let s = a + 255. What is the highest common factor of s and 24?
6
Suppose 0 = 3*h + v - 1, 4*v + 0*v + 10 = -5*h. Let a be (1794/207)/(2/6). What is the highest common factor of a and h?
2
Let b = -43 - -34. Let p(a) be the second derivative of a**4/12 + 5*a**3/3 + 8*a**2 - 38*a. Let q be p(b). What is the greatest common divisor of q and 7?
7
Let t(m) = -m**3 - 6*m**2 + 31*m + 126. Let i be t(-23). What is the highest common factor of 36 and i?
18
Let d = -102 - 1333. Let o be 2*-458 + (-2 - -3). Let p = o - d. What is the greatest common factor of 52 and p?
52
Let n(s) = s**3 + 36*s**2 + 87*s - 66. Let r be n(-33). What is the highest common factor of 935 and r?
55
Let u = 50 - -7. What is the highest common divisor of u and 27?
3
Let y(d) = -2*d**3 + 23*d**2 - 10*d + 160. Let h be y(10). Calculate the highest common divisor of 1116 and h.
36
Suppose -5*a + 332 = 2*f, 3*f = -3*a - 12 + 510. Suppose -f = -6*g + 344. Calculate the highest common divisor of g and 5.
5
Suppose 3*q = 3159 - 915. Suppose -q = -12*r - 244. What is the greatest common divisor of 14 and r?
14
Suppose 3*n + 8 + 7 = 0, 5*f - 5*n - 35 = 0. Suppose 4*g = l - 242, 3*l - 4*g - 1226 = -f*l. Calculate the greatest common divisor of l and 6.
6
Let a be -1*8*(-11 + 1). Let k(b) = 2*b**3 - 22*b**2 - 4*b - 50. Let s be k(11). Let w = 114 + s. What is the greatest common factor of w and a?
20
Let n be 5/(-2)*(1274/(-7))/7. Suppose 67 + n = 4*v. Let s = -29 + 51. Calculate the highest common factor of v and s.
11
Let b = -7675 - -11797. Calculate the greatest common divisor of 54 and b.
18
Let f(a) = -3*a - 2. Let p be f(-2). Suppose s + s = d - 83, -d + 77 = p*s. Let u = -152 + 206. Calculate the highest common divisor of d and u.
27
Suppose -157*b + 55511 = 2759. Calculate the greatest common divisor of b and 448.
112
Let r = 83 + -81. Suppose 0 = r*z + 2*q - 7*q - 60, -5*q - 20 = 0. Let n(j) = -4*j - 4. Let f be n(-11). What is the highest common factor of z and f?
20
Let g = -14173 - -20728. Suppose g = -80*u + 99*u. Calculate the highest common factor of u and 15.
15
Let x(d) = -3*d**3 - d**2 - d - 4. Let k be 120/162*-3 - (-4)/18. Let z be x(k). Suppose 3*r - 81 = 297. Calculate the highest common divisor of r and z.
18
Let f = -3915 - -4279. Calculate the highest common factor of 56 and f.
28
Let q(b) = 309*b + 27. Let d be q(0). What is the greatest common factor of d and 144?
9
Suppose c = -3*z - 4*c + 1069, 5*c = 4*z - 1367. Let l(t) = -t**2 + 19*t - 10. Let r be l(17). Calculate the greatest common divisor of r and z.
12
Suppose -3*v = -3*g - 12, -3*g + 2 = v - 6. Suppose p - 8*m + 10*m - 76 = 0, -v*p - 5*m = -360. Calculate the greatest common divisor of 85 and p.
17
Suppose 153*g + 10 = 158*g. Let f = 3406 - 3372. Calculate the greatest common factor of f and g.
2
Suppose 662*u = 615*u + 94. Calculate the greatest common divisor of u and 239.
1
Suppose -4*j + 105 = -j. Suppose -25*w = 2068 - 3468. What is the highest common factor of j and w?
7
Let b be 9*4/10*25/(-60)*-30. Calculate the greatest common factor of b and 81.
9
Let b(o) = 14*o + 2 + 33 + o + 0 - o**2. Let k be (-65 - -2)/7 + 26. Let x be b(k). Calculate the greatest common divisor of x and 5.
1
Suppose 0*j - 40 = -2*j. Suppose 2*s = 2*g + 50, -2*s - 3*g + 5 = -j. Let t = 86 + -76. Calculate the greatest common divisor of s and t.
10
Suppose -13*z - 1596 = -6055. Suppose 2*u + u - 341 = -5*v, 3*u - z = -4*v. Let x be (2/(-5))/((-1)/195). Calculate the greatest common divisor of x and u.
39
Suppose 5*n = -4*j - 2183, -3*j + 3*n = 7*n + 1637. Let z = 729 + j. Calculate the greatest common divisor of 52 and z.
26
Let i be ((-132)/(-14))/((-1)/(-7)). Let y be 826/(-413)*(-89 - -1). What is the highest common factor of i and y?
22
Suppose -1392 = -45*d - 1592 + 3800. Let w = -324 + 544. What is the highest common divisor of d and w?
20
Suppose -17*t = 1180 - 11295. What is the highest common factor of 17 and t?
17
Let d = -21416 + 22053. What is the greatest common divisor of d and 147?
49
Suppose 83*b - 45 = 74*b. Suppose -5*p = -g + 65, g + 9*p = b*p + 110. Calculate the greatest common factor of g and 135.
45
Suppose -21*f + 19089 = f - 364305. Calculate the highest common divisor of f and 148.
37
Let r(w) = 3*w**3 - 15*w**2 + 43*w - 28. Let j be r(7). Calculate the highest common divisor of j and 252.
63
Let c(w) be the second derivative of 20*w**3/3 - 53*w**2 - 22*w. Let f be c(4). Calculate the highest common divisor of 342 and f.
18
Let l be 1*(24/(-6) - (-6)/2). Let r = l - -3. Suppose 34 = -r*z + 574. Calculate the highest common factor of 27 and z.
27
Let f be 22/4*((9 - 3) + 4). Let c = -99 - -129. Calculate the highest common divisor of c and f.
5
Let d(w) = 92*w**2 + 3*w - 2. Let t be d(-3). Suppose 5*q = -u + 43, 2*q + 1590 = 2*u + 1504. What is the highest common divisor of t and u?
43
Let w = -88 + 158. Suppose -3*i + w = -g, g - 3*g = i - 14. What is the greatest common divisor of 154 and i?
22
Suppose 4*d - 2*l - 415 = 3*d, 3*d + 5*l - 1234 = 0. Let u = d - 380. Calculate the greatest common factor of 22 and u.
11
Let i = -169 + 175. Let t be (-12)/10*((-958)/i + -7). What is the greatest common factor of t and 40?
40
Let u(h) = 156*h - 1. Let k be u(1). Let g be 114/5*10/(-4)*-1. Let v = -26 + g. Calculate the highest common divisor of v and k.
31
Let d = -51269 - -77270. Calculate the greatest common factor of d and 107.
107
Let g = 38043 + -23015. What is the greatest common divisor of 104 and g?
52
Let a(s) = s - 3. Let g be a(4). Let f = g - 0. Let w be 2 - (-6)/(-5)*15/(-6). Calculate the highest common factor of w and f.
1
Let i(d) = 22*d + 27. Let h be i(-5). Let k = 87 + h. Suppose -10 = -k*y + 6. What is the greatest common divisor of y and 16?
4
Let q be (57 + 7)/(18/27). Calculate the greatest common divisor of 2016 and q.
96
Suppose 37*j - 134084 = -3252. What is the highest common factor of 260 and j?
52
Let o(v) = -v**2 + 2. Let t be o(14). Let g = 228 + t. What is the greatest common factor of g and 153?
17
Let a(n) = 17*n + 1611. Let g be a(-86). What is the highest common divisor of g and 17582?
149
Let w = 101 - 96. Suppose -65 = -5*b - 5*g, -2*g + 0*g = w*b - 62. What is the highest common divisor of b and 15?
3
Let c(v) = -8*v + 1. Let q be c(-8). Let t = 199 - q. Suppose m - t = 53. What is the highest common divisor of 17 and m?
17
Suppose -4*c + 41*c - 1042 = 327. What is the greatest common divisor of c and 333?
37
Let u = 105 + -96. Let s(p) = -31*p - 15. Let c(n) = 3*n + 6. Let t be c(-4). Let k be s(t). Calculate the highest common divisor of k and u.
9
Let t be -4*(-1 - (-2)/4). Let y(w) = -53*w + 160. Let d be y(3). Suppose -a = -d - t. Calculate the highest common divisor of a and 33.
3
Let i be (-556)/(-8) - 5/2. Let h = i - 162. Let y = h + 98. Calculate the highest common divisor of y and 1.
1
Suppose -560 = -6*v + 10*v + 2*z, 3*v = -5*z - 413. Let l = v - -397. Calculate the highest common divisor of l and 16.
16
Suppose -24*w + 9*w - 560 + 2000 = 0. Calculate the greatest common factor of 96 and w.
96
Let q = 6 - 2. Suppose 6*l - 4*l + 32 = 0. Let s be 1482/(-52)*l/6. What is the greatest common factor of s and q?
4
Let i be 4626/90 - 24/(-15). What is the greatest common divisor of i and 22?
1
Suppose -16*b + 17*b - 575 = -3*d, -3*b - 2*d = -1732. What is the highest common divisor of b and 187?
17
Let i = -115 - -117. Let t(g) = 7*g**3 - 5*g**2 + 4*g - 6. Let m be t(i). What is the highest common divisor of m and 95?
19
Let v(y) = y - 1. Let i be v(-4). Let n = -21 - i. Let m be (-2)/7*112/n. Calculate the highest common divisor of m and 2.
2
Let d = -7855 + 11860. Calculate the greatest common divisor of 180 and d.
45
Let q(v) = -v**3 - 13*v**2 + 14*v - 9. Let u be q(-14). Let p be ((-21)/u + -2)/((-4)/(-300)). What is the greatest common divisor of p and 5?
5
Let t = -3736 + 4952. What is the highest common factor of 704 and t?
64
Let d(u) = 402*u - 4789. Let s be d(12). What is the highest common factor of 22680 and s?
35
Suppose -9*x = -28*x - 25*x + 176. Calculate the greatest common divisor of 722 and x.
2
Suppose 42*s = -50*s + 87*s + 3055. What is the highest common divisor of 65 and s?
13
L